divide 54024481?
False
Is 75179364 a multiple of 6?
True
Is 21725460 a multiple of 295?
False
Is 317915180 a multiple of 55?
True
Does 193 divide 68801991?
True
Is 11 a factor of 11804408?
True
Does 166 divide 8293971?
False
Is 184 a factor of 22282952?
True
Is 5113230 a multiple of 253?
False
Is 479382010 a multiple of 10?
True
Is 970752 a multiple of 632?
True
Is 795 a factor of 7893555?
True
Does 49 divide 9745708?
True
Does 231 divide 17125647?
True
Is 3692114 a multiple of 340?
False
Does 42 divide 843393432?
True
Is 667809606 a multiple of 17?
True
Is 312 a factor of 21386004?
False
Does 555 divide 1901797965?
True
Does 17 divide 3388912?
False
Is 356 a factor of 1112297453?
False
Does 3245 divide 619902085?
True
Is 8012914 a multiple of 2?
True
Is 2890554 a multiple of 6?
True
Is 73426253 a multiple of 53?
True
Does 8 divide 25120486?
False
Is 12344 a factor of 523007081?
False
Is 1323630 a multiple of 1386?
True
Does 13 divide 28855783?
False
Is 313 a factor of 72083?
False
Does 1328 divide 103473776?
True
Is 9 a factor of 80185197?
False
Is 711 a factor of 36163046?
False
Is 616 a factor of 337611206?
False
Does 13 divide 26536614?
True
Is 11308100 a multiple of 68?
False
Is 5 a factor of 284469129?
False
Is 9 a factor of 2269285029?
True
Does 107 divide 66490549?
True
Does 8 divide 184480978?
False
Does 5437 divide 647323783?
True
Is 423 a factor of 346499684?
False
Does 8 divide 829745048?
True
Does 54 divide 72566090?
False
Does 5317 divide 3684037643?
True
Is 1516 a factor of 12989167?
False
Is 23278320 a multiple of 233?
False
Does 255 divide 452320785?
True
Is 701553645 a multiple of 845?
True
Is 37 a factor of 3006747132?
True
Is 31 a factor of 4180193?
False
Does 7 divide 67376007?
False
Is 7495300 a multiple of 170?
True
Does 1466 divide 38045632?
True
Is 959811296 a multiple of 1186?
False
Does 152 divide 116304178?
False
Does 486 divide 43642314?
True
Does 65 divide 138875360?
True
Is 28 a factor of 248974376?
True
Is 11771859 a multiple of 233?
True
Is 549394680 a multiple of 60?
True
Is 335210886 a multiple of 18?
True
Is 6 a factor of 30171708?
True
Is 1761 a factor of 50639698?
False
Is 366 a factor of 80162382?
False
Does 4 divide 287829041?
False
Is 545 a factor of 1366904095?
False
Is 314077302 a multiple of 123?
True
Is 2079 a factor of 96700527?
True
Is 3081835958 a multiple of 37?
False
Does 77 divide 58903383?
True
Is 12 a factor of 46527176?
False
Is 31706831 a multiple of 2924?
False
Is 4716 a factor of 680073318?
False
Does 86 divide 78833017?
False
Does 5 divide 881980760?
True
Does 51 divide 329211681?
True
Is 5821 a factor of 2585616455?
False
Does 146 divide 285296410?
True
Is 15769398 a multiple of 229?
True
Is 2189497284 a multiple of 27?
True
Is 38070697 a multiple of 71?
True
Is 753 a factor of 2706189550?
False
Is 76393761 a multiple of 3366?
False
Is 38 a factor of 1324792306?
False
Is 122667512 a multiple of 88?
True
Is 50 a factor of 678102350?
True
Is 34755611 a multiple of 850?
False
Does 159 divide 6990016?
False
Is 114 a factor of 278565691?
False
Is 78154783 a multiple of 41?
False
Does 380 divide 1761370300?
True
Is 145948037 a multiple of 68?
False
Is 867165201 a multiple of 147?
True
Is 4 a factor of 334199?
False
Does 12 divide 3389689044?
True
Does 17 divide 902671417?
False
Is 1021 a factor of 258124115?
True
Does 25 divide 605352425?
True
Is 3873980 a multiple of 61?
False
Is 4 a factor of 9141896?
True
Is 46 a factor of 47351122?
False
Does 146 divide 1052287700?
True
Is 12 a factor of 172012500?
True
Is 248 a factor of 8932960?
True
Is 259576394 a multiple of 22?
True
Is 1374 a factor of 443305224?
False
Is 11 a factor of 113558570?
False
Does 18 divide 20877742?
False
Does 6 divide 97922674?
False
Is 7240140 a multiple of 290?
True
Is 10 a factor of 1453359455?
False
Is 495547150 a multiple of 25?
True
Is 1786602 a multiple of 146?
True
Is 1232529 a multiple of 93?
True
Is 8 a factor of 8395144?
True
Is 1603 a factor of 14259086?
False
Is 16 a factor of 3076222?
False
Is 178356969 a multiple of 9?
True
Does 3367 divide 39966290?
True
Does 2446 divide 7275528?
False
Is 30 a factor of 37207620?
True
Does 11 divide 728729826?
True
Does 4802 divide 3053846306?
True
Is 450159884 a multiple of 12124?
False
Is 1683052 a multiple of 28?
True
Is 33649575 a multiple of 75?
True
Does 40 divide 2445141673?
False
Is 94108870 a multiple of 67?
True
Is 175 a factor of 223166152?
False
Does 448 divide 5950784?
True
Is 392550795 a multiple of 7833?
True
Is 424482855 a multiple of 836?
False
Is 32323867 a multiple of 2505?
False
Is 10 a factor of 517420991?
False
Is 600518 a multiple of 4?
False
Does 3499 divide 26810081?
False
Does 5 divide 1062860?
True
Is 2929774 a multiple of 5?
False
Does 138 divide 2930422134?
True
Does 225 divide 194818524?
False
Is 211 a factor of 89314652?
False
Is 6609704 a multiple of 620?
False
Is 31 a factor of 21475064?
True
Does 43 divide 20875093?
False
Is 281843926 a multiple of 8?
False
Is 43 a factor of 441737366?
True
Is 4462607240 a multiple of 104?
True
Is 6 a factor of 16846282?
False
Is 49822444 a multiple of 31?
False
Does 1024 divide 17353020?
False
Is 171689508 a multiple of 12?
True
Does 26 divide 4983862?
True
Does 15 divide 52837153?
False
Does 31 divide 7623737?
True
Is 1814 a factor of 5665131?
False
Does 153 divide 134408801?
False
Is 452 a factor of 11601484?
True
Is 67860856 a multiple of 23?
True
Does 32 divide 9356640?
True
Does 13 divide 1080106323?
False
Does 58 divide 9617096?
True
Is 10 a factor of 2833829370?
True
Is 691 a factor of 425396184?
True
Is 31 a factor of 425231557?
True
Does 650 divide 92080950?
True
Is 8 a factor of 26398136?
True
Is 43 a factor of 505591893?
True
Is 66208392 a multiple of 18?
True
Is 4 a factor of 49666760?
True
Does 43 divide 122007641?
True
Is 240 a factor of 426177241?
False
Does 40 divide 181041463?
False
Is 44922480 a multiple of 502?
False
Does 65 divide 228928651?
False
Is 7 a factor of 1959420?
False
Is 123 a factor of 1421965731?
True
Is 624083646 a multiple of 43?
False
Does 59 divide 22724440?
True
Is 45 a factor of 175345065?
True
Is 1805 a factor of 551369824?
False
Is 8262 a factor of 1461200796?
True
Is 251865626 a multiple of 123?
False
Is 166466160 a multiple of 210?
True
Is 64688333 a multiple of 1879?
True
Is 11121208 a multiple of 177?
False
Is 38 a factor of 12182467?
False
Does 511 divide 134419572?
True
Is 85063302 a multiple of 204?
False
Does 14 divide 64773685?
False
Is 919899648 a multiple of 51?
True
Is 1119 a factor of 6274233?
True
Does 13 divide 2070133969?
False
Does 4625 divide 7265875?
True
Is 170522044 a multiple of 45?
False
Does 244 divide 33232332?
False
Is 139 a factor of 151222270?
True
Is 21317270 a multiple of 5?
True
Does 164 divide 351055539?
False
Does 9 divide 80217?
True
Is 183 a factor of 3256776?
False
Does 13 divide 57380700?
True
Does 14 divide 421707720?
True
Does 4 divide 15368181?
False
Is 16006530 a multiple of 530?
True
Is 33943246 a multiple of 708?
False
Does 263 divide 366472324?
False
Is 19 a factor of 179214208?
False
Is 45414600 a multiple of 33?
True
Is 22419404 a multiple of 7?
True
Is 665 a factor of 11430685?
True
Does 2030 divide 32882785?
False
Is 15 a factor of 1320388620?
True
Is 3408210528 a multiple of 49?
False
Does 1512 divide 113148952?
False
Is 3 a factor of 4742226?
True
Is 548 a factor of 35027241?
False
Is 44818620 a multiple of 89?
True
Is 1633743 a multiple of 4?
False
Is 41 a factor of 18711620?
False
Is 12839327 a multiple of 43?
True
Is 639750111 a multiple of 1391?
True
Is 345 a factor of 60214960?
False
Is 10 a factor of 116671670?
True
Does 2090 divide 16989894?
False
Is 151235532 a multiple of 54?
True
Does 29 divide 95679671?
True
Is 1477 a factor of 128713325?
False
Does 881 divide 141762591?
True
Does 1392 divide 3297734844?
False
Does 1577 divide 151103409?
True
Is 185 a factor of 62944784?
False
Is 229868961 a multiple of 213?
True
Is 3648 a factor of 164040050?
False
Is 62699566 a multiple of 212?
False
Is 120379806 a multiple of 11?
False
Is 120 a factor of 61768560?
True
Is 858001027 a multiple of 2267?
False
Does 471 divide 29071533?
True
Is 2329886787 a multiple of 123?
True
Does 548 divide 33780263?
False
Is 60